*2 + 13*f + 8. Determine w(-6).
2
Let x(y) = -y**2 - 3*y + 3. What is x(2)?
-7
Let g(d) = d**2 + 6*d - 10. Determine g(-7).
-3
Let a(s) = -s**2 + 17*s - 29. Calculate a(2).
1
Let h(b) = b - 10. Give h(8).
-2
Let d(f) = 2*f + 11. Give d(-16).
-21
Let j(m) = 6*m - 19. What is j(3)?
-1
Let f(y) = -y**2 + 14*y + 15. Determine f(15).
0
Let a(z) = z**2 - 8*z - 2. Give a(7).
-9
Let k(c) = c**2 - 8*c + 1. What is k(8)?
1
Let b(i) = 55*i - 24. Determine b(1).
31
Let n(o) = 2*o**3 - 4*o**2 + 7*o - 24. Determine n(3).
15
Let w(c) = -c**2 - 15*c + 1. Calculate w(-15).
1
Let n(a) = a**3 + 14*a**2 - 5*a - 23. Give n(-14).
47
Let j(q) = -q - 12. Calculate j(0).
-12
Let j(q) = 54*q**2 + 2*q + 1. What is j(-1)?
53
Let d(q) = -q**2 - 5*q - 2. Calculate d(-5).
-2
Let d(x) = 4*x**2 + 61*x + 21. What is d(-15)?
6
Let m(i) = 2*i**2 + 13*i + 4. Determine m(-5).
-11
Let q(i) = -7*i + 14. Give q(6).
-28
Let i(h) = 2*h**3 - 25*h**2 - 44*h + 24. Determine i(14).
-4
Let r(z) = 3*z**2 + z - 1. What is r(1)?
3
Let h(v) = 15*v + 26. Give h(-2).
-4
Let r(l) = 22*l + 430. What is r(-20)?
-10
Let u(j) = -j**3 + 8*j**2 - 8*j - 2. What is u(7)?
-9
Let c(t) = 7*t**2 - 13*t - 12. Determine c(-1).
8
Let d(g) = 30*g**2 - 2. Determine d(-2).
118
Let t(j) = j**2 + 9*j + 14. Determine t(-6).
-4
Let z(y) = -y - 21. What is z(-12)?
-9
Let r(n) = 2*n + 4. Calculate r(-7).
-10
Let a(b) = -5*b - 9. Give a(-3).
6
Let u(r) = r**2 + 6*r + 6. What is u(-4)?
-2
Let j(y) = -3*y - 50. Calculate j(-11).
-17
Let t(z) = -z + 14. What is t(8)?
6
Let h(t) = -t**3 + t**2 - 2*t - 41. Determine h(0).
-41
Let n(a) = a - 7. What is n(10)?
3
Let v(u) = 6*u - 6. What is v(9)?
48
Let c(p) = 4*p + 22. Calculate c(-17).
-46
Let n(z) = -z**3 + 57*z**2 - 57*z + 58. Calculate n(56).
2
Let r(d) = -d**2 - 6*d + 12. Determine r(-6).
12
Let j(h) = -h**3 + h**2 + 7*h - 5. Determine j(4).
-25
Let u(f) = -4*f + 10. What is u(4)?
-6
Let w(q) = -q - 6. Give w(3).
-9
Let m(a) = -9*a**3 + 2*a**2 + a - 1. Calculate m(1).
-7
Let p(w) = -w**2 + 5*w + 24. What is p(8)?
0
Let d(k) = -3*k - 19. Give d(-9).
8
Let u(s) = -10*s**3 + 3*s**2 - 5*s + 3. Give u(1).
-9
Let q(l) = 4*l + 85. Determine q(-10).
45
Let d(b) = b**2 - 46*b - 45. Determine d(-1).
2
Let m(j) = j**3 + j + 12. What is m(0)?
12
Let p(s) = -30*s - 79. What is p(-6)?
101
Let z(p) = p**2 + 10*p + 2. What is z(-4)?
-22
Let p(s) = -s**2 - 4*s + 7. Give p(-10).
-53
Let i(u) = 5*u - 29. Give i(9).
16
Let i(b) = -10*b + 46. Calculate i(10).
-54
Let v(f) = 8*f**3 - f**2 - 4. Give v(-2).
-72
Let f(k) = -3*k**2 - 145*k - 27. Give f(-48).
21
Let t(k) = 2*k**3 + 14*k**2 - 7*k - 15. Give t(-7).
34
Let l(d) = d**2 + 19*d - 27. Determine l(-20).
-7
Let k(u) = 2*u**2 + 7*u + 4. What is k(-4)?
8
Let u(s) = 2*s**3 - s**2 + s - 4. What is u(3)?
44
Let g(c) = 6*c**2 + 41*c + 30. What is g(-6)?
0
Let p(u) = 7*u - 11. Calculate p(10).
59
Let f(l) = l**2 - 3*l - 11. Calculate f(-7).
59
Let k(y) = -5*y**2 - 46*y - 35. Determine k(-7).
42
Let k(t) = -t**2 + 2*t - 12. Determine k(10).
-92
Let t(z) = -z + 1. What is t(-2)?
3
Let c(h) = -h**3 - 14*h**2 - 14*h + 14. Determine c(-13).
27
Let r(x) = -x**2 - 6*x + 19. Calculate r(-10).
-21
Let p(g) = -g**2 - 13*g - 1. What is p(-12)?
11
Let o(q) = 2*q**2 + 13*q + 6. Give o(-6).
0
Let f(u) = 11*u**3 - u**2 - 2*u - 1. Give f(-1).
-11
Let m(y) = 5*y - 299. What is m(59)?
-4
Let r(j) = -35*j + 468. What is r(13)?
13
Let u(z) = z**2 - 4*z - 5. Calculate u(5).
0
Let k(q) = -q - 3. Give k(2).
-5
Let u(n) = 6*n - 21. Calculate u(9).
33
Let h(m) = -5*m + 115. Give h(25).
-10
Let f(n) = 28*n - 5. Determine f(-1).
-33
Let z(m) = -2*m + 19. What is z(8)?
3
Let a(s) = -s**3 - 6*s**2 - 9. What is a(-6)?
-9
Let r(x) = -2*x**3 + 9*x**2 - 5*x - 3. Give r(4).
-7
Let w(k) = 4*k**2 + k - 8. What is w(3)?
31
Let l(f) = f**3 + 5*f**2 - 4*f + 14. Determine l(-6).
2
Let i(b) = 2*b**3 - 3*b**2 - 2*b - 1. Give i(-2).
-25
Let i(q) = q**3 + 20*q**2 - 44*q - 8. Determine i(-22).
-8
Let t(s) = s**3 + 3*s**2 - 13*s - 12. Calculate t(-5).
3
Let k(x) = -x**3 - x**2 + 1. What is k(2)?
-11
Let v(g) = -2*g + 19. Give v(13).
-7
Let t(q) = q + 2. Calculate t(5).
7
Let f(r) = 4*r + 8. What is f(0)?
8
Let r(k) = k**2 - 39*k - 264. Give r(-6).
6
Let r(t) = 2*t**3 + 29*t**2 - 14*t + 28. Give r(-15).
13
Let g(t) = -t**3 + 6*t**2 - 6*t + 1. What is g(5)?
-4
Let p(d) = 22*d**3 - 3*d**2 + 3*d - 4. What is p(1)?
18
Let g(x) = -x**3 + 18*x + 3. Calculate g(-4).
-5
Let p(f) = 3*f + 5. Calculate p(-5).
-10
Let l(d) = d**3 + 14*d**2 - 55*d - 67. What is l(-17)?
1
Let m(d) = -2*d**3 + 14*d**2 + 11*d - 27. Determine m(8).
-67
Let q(p) = p**2 + 15*p - 80. What is q(4)?
-4
Let n(o) = -2*o**3 - 135*o**2 + 70*o + 142. What is n(-68)?
6
Let h(d) = 8*d + 105. What is h(-11)?
17
Let q(n) = 8*n - 62. Calculate q(8).
2
Let d(o) = -o**2 + 25*o + 24. Give d(27).
-30
Let b(j) = -4*j + 3. What is b(4)?
-13
Let q(j) = -2*j**3 + j**2 + j. Give q(0).
0
Let w(b) = -2*b**2 - 8*b - 17. What is w(-4)?
-17
Let a(b) = -8*b**2 + 1. What is a(-1)?
-7
Let y(p) = -4*p - 133. Calculate y(-31).
-9
Let v(j) = j**2 - 37*j - 46. What is v(38)?
-8
Let y(i) = i**2 - 8*i + 11. Calculate y(5).
-4
Let g(b) = b**3 + 34*b**2 + 2*b + 67. What is g(-34)?
-1
Let h(g) = -g**3 - 10*g**2 + g - 11. Calculate h(-10).
-21
Let w(b) = b**2 - 3*b - 3. Give w(5).
7
Let m(l) = 7*l - 5. Determine m(5).
30
Let j(f) = f**3 - 16*f**2 + 16*f - 19. Determine j(15).
-4
Let u(h) = -h**2 + 2*h - 22. Calculate u(9).
-85
Let g(u) = -20*u + 1. Give g(-1).
21
Let t(c) = -c**3 + 14*c**2 + 16*c - 8. Give t(15).
7
Let j(n) = -n**3 - 10*n**2 - 10*n - 13. Give j(-9).
-4
Let m(n) = -2*n**2 + 54*n + 40. Give m(28).
-16
Let j(m) = -m + 1. Calculate j(4).
-3
Let y(u) = -2*u**3 - 5*u**2 - 3*u + 3. Determine y(-3).
21
Let n(j) = 12*j - 138. Calculate n(11).
-6
Let o(u) = -2*u**3 + 2*u**2 - 5. What is o(-3)?
67
Let u(j) = j**3 + 5*j**2 - 5. What is u(-5)?
-5
Let o(d) = -3*d + 4. What is o(3)?
-5
Let j(t) = 27*t**3 - 2*t**2 - 2*t. Calculate j(-1).
-27
Let l(k) = 16*k - 39. What is l(3)?
9
Let h(z) = -z - 2. Determine h(-9).
7
Let d(b) = 2*b - 26. What is d(19)?
12
Let t(h) = -h**2 - 6*h - 5. Calculate t(-7).
-12
Let q(z) = 13*z + 5. Give q(3).
44
Let s(i) = i**3 + 26*i**2 - 55*i + 17. What is s(-28)?
-11
Let j(t) = -t + 4. What is j(6)?
-2
Let b(x) = 8*x + 55. Give b(-7).
-1
Let f(y) = 9*y + 6. Calculate f(-5).
-39
Let h(q) = 11*q + 35. What is h(-12)?
-97
Let a(l) = 4*l**3 + 4*l + 3. Calculate a(-1).
-5
Let o(a) = -3*a**2 - 2*a + 6. Determine o(-2).
-2
Let a(f) = -f**3 - 5*f**2 + 8. Determine a(-3).
-10
Let h(l) = -l + 5. Determine h(-3).
8
Let k(g) = 4*g**2 - g - 2. What is k(2)?
12
Let y(s) = s**2 - 30*s - 28. What is y(31)?
3
Let m(z) = z**3 + z**2 - 3*z + 2. Give m(2).
8
Let l(k) = k**2 + 18*k + 37. Determine l(-16).
5
Let h(q) = -17*q. Determine h(-1).
17
Let m(k) = -6*k**3 - k**2 - k - 1. Calculate m(-1).
5
Let f(n) = -n**2 + 26*n + 7. Determine f(26).
7
Let k(p) = 13*p - 2. Give k(1).
11
Let w(q) = -q**3 + 14*q**2 - 4*q + 45. Calculate w(14).
-11
Let r(n) = -4*n**2 + 21*n + 2. Calculate r(5).
7
Let t(q) = 2*q**3 - q**2 + q - 13. Give t(0).
-13
Let k(h) = 18*h + 56. What is k(2)?
92
Let u(w) = 74*w + 593. Give u(-8).
1
Let o(v) = -102*v - 913. Calculate o(-9).
5
Let q(i) = i**2 + 1. Determine q(-2).
5
Let v(u) = u**2 + 7*u - 84. Determine v(-14).
14
Let b(t) = 2*t**2 - 3*t - 2. Calculate b(5).
33
Let j(d) = 7*d - 1. What is j(-1)?
-8
Let z(t) = -16*t + 1. What is z(-1)?
17
Let z(t) = t**3 + 17*t**2 + 17*t + 23. Give z(-16).
7
Let x(d) = d**2 + 11*d - 65. Determine x(-15).
-5
Let o(k) = 2*k + 1. Calculate o(4).
9
Let o(j) = j**3 - 15*j**2 - j + 20. Give o(15).
5
Let u(j) = 14*j**3 + 2*j - 1. Give u(1).
15
Let l(u) = -2*u**2 + 16*u + 50. What is l(10)?
10
Let m(k) = 2*k**2 + k - 10. Calculate m(0).
-10
Let t(q) = -3*q**3 - 15*q**2 - 5*q - 5. Calculate t(-5).
20
Let u(x) = x**3 - 10*x**2 - 8*x - 14. Give u(11).
19
Let k(f) = f**2 - 15*f + 22. Calculate k(15).
22
Let d(n) = 8*n**2 + 3*n + 2. Calculate d(-1).
7
Let k(d) = d**2 + 10*d + 25. Determine k(-4).
1
Let h(t) = t**3 + 5*t**2 + 5*t + 1. Calculate h(-4).
-3
Let h(s) = -s**2 + 6*s - 4. Give h(-5).
-59
Let o(j) = -3*j + 56. Determine o(19).
-1
Let u(o) = o**2 - 20*o + 27. Determine u(18).
-9
Let p(c) = 3*c**3 - 41*c**